divided by (-5)/(w/18)*(-5)/(-2).
14
Let f = 568 - 341. Let a = 342 - f. Let v = 112923 - 112894. Calculate the remainder when a is divided by v.
28
Suppose 636 + 914 = 16*y + 462. Calculate the remainder when 419 is divided by y.
11
Let z(g) = g**3 + 17*g**2 - 37*g - 222. Calculate the remainder when z(-18) is divided by 19.
6
Let x(u) = -u**2 - 14*u + 28. Let q be x(-12). Suppose 0 = 3*k + 2*o - 139, 2*k = k + 5*o + q. What is the remainder when 233 is divided by k?
45
Suppose 2*u - 110 - 392 = 0. Suppose -65 = -s - 4*q, 4*s + 12*q - 11*q - 335 = 0. What is the remainder when u is divided by s?
81
Let b = -2837 - -3345. Calculate the remainder when b is divided by 15.
13
Suppose 3*m + 404 = 7*m. Let b(j) = -2*j**3 - 4*j**2 - 5*j - 16. Let c = 173 + -176. What is the remainder when m is divided by b(c)?
16
Let f = -1004 + 1040. Calculate the remainder when 146 is divided by f.
2
Let y be -1*2/9 + (-564)/(-108). Suppose 0 = -5*a + 4*j + 824, -y*a - 2*j = -10*a + 822. Calculate the remainder when a is divided by 48.
20
Let h be (-1)/(-2 + (-670)/(-334)). What is the remainder when 3/(14/(-7) + (-337)/h) is divided by 10?
7
Suppose -3*j + v + 2341 = 0, -63*v = -67*v + 20. What is the remainder when j is divided by 154?
12
Let t(g) = g**3 + 23*g**2 - 273*g - 41. Calculate the remainder when 4980 is divided by t(9).
92
Suppose -407*k = -409*k + 4*g + 3584, 0 = 5*k + 2*g - 8900. What is the remainder when k is divided by 46?
34
Let f be (-1 - -2)/((-2)/22). Let g(y) = -y**3 - 11*y**2 - 3*y - 14. Let b be g(f). Suppose -i - 8 = -b. What is the remainder when 12 is divided by i?
1
Let o = 5558 - 5546. What is the remainder when 1342 is divided by o?
10
Let x be (-2)/(-1) + -2 + 5. Suppose x*v + 4 = -5*j + 9, 5 = v. Let c = 20 + j. What is the remainder when 59 is divided by c?
11
Suppose 5*t + 0*t = 35. Let k(d) = 53*d - 542. Let o(x) = 26*x - 271. Let c(j) = 6*k(j) - 13*o(j). Calculate the remainder when c(13) is divided by t.
4
Let q = 67 - 35. Calculate the remainder when (-52 + (-6090)/(-116))/((-4)/(-992)) is divided by q.
28
Let o be 76/28 + 4/14. Suppose 7*f = o*f + 20, 3*f - 63 = -3*p. Let y(m) = 39*m - 2465. Calculate the remainder when y(64) is divided by p.
15
Calculate the remainder when 642/428 + (-1 - (-1 - (-11417)/(-2))) is divided by 21.
19
Suppose -5*p - 34 = -3*k, 4*k + 566 = -4*p + 590. What is the remainder when 373 is divided by k?
5
Let r(h) = -h**2 + 12*h + 30. Suppose 0*w + 22 = 2*w. Let f be r(w). Suppose -f*g = -38*g - 39. Calculate the remainder when g is divided by 8.
5
Suppose -a + j = -4, -4*a + 168 = -2*j + 144. Calculate the remainder when 495 is divided by a.
7
Suppose 5*m - 20 = -2*b, 4*b + 4 = 3*m - 2*m. Let v be (-5)/1*(-4)/5. Suppose b*k - v*k = -60. What is the remainder when k is divided by 9?
6
Suppose 0*z = -2*z - 152. Let m = 4243 - 4317. Let v = m - z. Calculate the remainder when 9 is divided by v.
1
Let k(b) = 8 - 3*b + 4*b + 11*b**2 - 6757*b**3 + 6758*b**3. Calculate the remainder when 125 is divided by k(0).
5
Suppose 0 = -2*k - 3*k - 3*n + 80, -5*k + 70 = 5*n. Suppose -1110 = -10*f + 1150. Calculate the remainder when f is divided by k.
17
Suppose 5*w = w - 2*g + 1220, 4*w - 1192 = -9*g. What is the remainder when w is divided by 23?
8
Suppose -r = 2*w + 60, -50 = 3*w + r + 39. Let i = w - -58. Calculate the remainder when 46 is divided by i.
17
Let x = 88 + -57. Calculate the remainder when ((-342)/95)/(x/(-30) + 1) is divided by 19.
13
Let g = -32 - -97. Let k(j) = 6*j**2 - 21*j - 6. Let a be k(5). What is the remainder when a/g - (-332)/5 is divided by 14?
11
Let y = 2 + 279. Let u = y - 47. Calculate the remainder when u is divided by 60.
54
Suppose 0 = -2*w + 2*g + 618, 5*w + 59*g = 55*g + 1572. Calculate the remainder when w is divided by 70.
32
Let o(h) = 1114*h + 484. Calculate the remainder when o(1) is divided by 100.
98
Let j(c) = -c**3 + 5*c**2 - c + 7. Let r = -360 - -360. What is the remainder when 41 is divided by j(r)?
6
Let d(z) = -z**2 + 15*z - 20. Let g be d(10). Suppose g = 3*h + 3*h. Suppose -h*n = -20 - 30. What is the remainder when 48 is divided by n?
8
Suppose 13*w - 2714 = 562. Suppose -9*h + 108 = -w. What is the remainder when h is divided by 9?
4
What is the remainder when 126 is divided by (-1)/(-15) + 11 + (-508)/(-30)?
14
Let r = -126 - -146. Calculate the remainder when 53 is divided by ((-36)/(-15))/(r/75).
8
Let o(y) = -4 + 9 + 30*y + 27*y - 89*y. Calculate the remainder when o(-5) is divided by (28/10)/(2/20).
25
Calculate the remainder when 248 is divided by (-90)/(3/10*-5).
8
Let s be 1/2 - 1062/(-12). Suppose m + 5*n = 21 + s, -4*m = 2*n - 476. Suppose 123*r = m*r + 42. Calculate the remainder when 67 is divided by r.
11
What is the remainder when (-6 - (-1 - -3) - (-1 + 8))*-14 is divided by 108?
102
Let f(l) = 17*l**3 - 4*l**2 - 4*l - 5. Let k be f(-2). Let h = k - -305. Let z(q) = 3*q**2 + 2*q. Calculate the remainder when h is divided by z(-4).
36
Let h = -3397 + 6322. Calculate the remainder when h is divided by 38.
37
What is the remainder when 513 is divided by (-11)/(-88) - (6/(192/(-3484)) + 5)?
97
Suppose 21 = 5*u + 3*x, 0 = -u + 4*x - 1 - 4. Suppose 0 = 5*t - 3*a + 17, -13 = u*t - 0*t + a. What is the remainder when (-2 + 0)*102/t is divided by 18?
15
Suppose -198 = -2*c + 3*g, 4*c + 15*g = 20*g + 394. Calculate the remainder when c is divided by 47.
2
Let i(p) = p**2 + 10*p + 962. Let y be i(0). Suppose -4*o - 4*n = -2*n - y, -3*n = -2*o + 461. Calculate the remainder when o is divided by 60.
58
Let f = -89 + 92. Suppose 0 = -3*o - f, 17 = s - o - 1. Let k = 8 - 2. What is the remainder when s is divided by k?
5
Let d = -16892 + 16966. What is the remainder when 303 is divided by d?
7
Let u = 10042 - 9230. Calculate the remainder when u is divided by 23.
7
Let t(r) = -r**2 - 18*r + 25. Suppose 447*i - 456*i + 864 = 0. What is the remainder when i is divided by t(0)?
21
Suppose -215 = -4*f - 39*f. Suppose -2*v + 5*b + 32 = 0, v - 2*v + 11 = -5*b. What is the remainder when v is divided by f?
1
Let h(g) = -10*g + 73. Let i be h(20). Let q = 131 + i. Let k = -29 - -55. Calculate the remainder when k is divided by q.
2
Let i = 11865 + -11113. What is the remainder when i is divided by 405?
347
Let d(n) = -4*n**3 - 3*n**2 - 27*n + 9. Let i be d(-4). Let h = 702 - i. Calculate the remainder when h is divided by 20.
17
Let w(f) = -f**2 - 13*f - 184. Let y be w(-11). Calculate the remainder when (-9)/2*9/(y/408) is divided by 54.
48
Let d = -4 + 9. Suppose 10 = -d*i, -5*o = 4*i + 8 + 10. What is the remainder when o*(-95)/2 - 0 is divided by 24?
23
Let u be (1072/(-2))/(-4 + 2). Let l = u - 229. What is the remainder when l is divided by 6?
3
Let i be ((-56)/(-49))/((-8)/(-28)). Suppose 5*w - 4*n - 41 = 4, n - 36 = -i*w. Calculate the remainder when 36 is divided by w.
0
Let c(i) be the first derivative of i**3/3 + 4*i**2 - 2*i + 130. Let w(t) = t**3 + 6*t**2 - 8*t + 4. What is the remainder when c(-10) is divided by w(-7)?
7
Let q = -76 - -58. Let c(f) = -f**2 - 18*f + 22. What is the remainder when c(q) is divided by 6?
4
Suppose 2*p - 6 = 2*k, -p - 1 + 16 = 3*k. Calculate the remainder when 479 is divided by k.
2
Let u(q) = 171*q + 1464. Calculate the remainder when u(-5) is divided by 209.
191
Let w = 18 + -22. Let g be (w - 2)*44/(-8). Let c = 48 - g. What is the remainder when 69 is divided by c?
9
Suppose n - 302*b - 18 = -305*b, 0 = 4*b. What is the remainder when 229 is divided by n?
13
Let v = 3 + 7. Suppose 3*s + v = 4*s. Let l(i) = 37*i**2 + 2*i - 1. Calculate the remainder when l(1) is divided by s.
8
Suppose -10 = -b - l + 1, -5*b = 4*l - 53. What is the remainder when 9/(-15) + (-4332)/(-120) + 2/(-4) is divided by b?
8
Let o = -449 - -451. Suppose -4914 = -5*a - o*a. What is the remainder when a is divided by 64?
62
Suppose -d = -g + 2394 + 3020, 2*g + 4*d - 10816 = 0. Calculate the remainder when g is divided by 19.
16
Suppose 5*z = 4*s + 12 + 637, -5*s = 5*z + 800. Let p = -115 - s. Let c = p + -31. Calculate the remainder when 88 is divided by c.
13
Let i(j) = -3*j**3 - 45*j**2 - 119*j + 46. Let w(g) = 2*g**3 + g**2 - g + 1. Let d(l) = -i(l) - w(l). What is the remainder when 303 is divided by d(-41)?
75
Let c(o) = 6*o**2 + 2*o - 3. Let